 24831361?
3
What is the thousands digit of 274513?
4
What is the ten thousands digit of 3090609?
9
What is the hundred thousands digit of 201189?
2
What is the hundreds digit of 561467?
4
What is the ten thousands digit of 5894446?
9
What is the tens digit of 489857?
5
What is the tens digit of 315570?
7
What is the units digit of 110274?
4
What is the thousands digit of 1613790?
3
What is the millions digit of 7520997?
7
What is the tens digit of 3392725?
2
What is the hundreds digit of 1446697?
6
What is the hundred thousands digit of 468140?
4
What is the hundreds digit of 574991?
9
What is the hundreds digit of 10193744?
7
What is the tens digit of 4953168?
6
What is the units digit of 175953?
3
What is the tens digit of 7767694?
9
What is the hundred thousands digit of 446264?
4
What is the ten thousands digit of 871430?
7
What is the hundreds digit of 2285511?
5
What is the ten thousands digit of 22119?
2
What is the hundreds digit of 435971?
9
What is the hundred thousands digit of 234985?
2
What is the units digit of 915320?
0
What is the tens digit of 1585672?
7
What is the thousands digit of 125565?
5
What is the ten thousands digit of 2645438?
4
What is the thousands digit of 884862?
4
What is the ten thousands digit of 18594217?
9
What is the ten thousands digit of 482743?
8
What is the hundred thousands digit of 3603541?
6
What is the millions digit of 1124675?
1
What is the units digit of 3024845?
5
What is the thousands digit of 540970?
0
What is the hundred thousands digit of 178990?
1
What is the tens digit of 80957?
5
What is the millions digit of 4520963?
4
What is the thousands digit of 430259?
0
What is the ten thousands digit of 25483?
2
What is the hundreds digit of 515687?
6
What is the hundreds digit of 226671?
6
What is the units digit of 229670?
0
What is the hundred thousands digit of 2232351?
2
What is the ten thousands digit of 1446056?
4
What is the hundreds digit of 29431695?
6
What is the thousands digit of 8354040?
4
What is the ten thousands digit of 467424?
6
What is the units digit of 1181300?
0
What is the hundreds digit of 913499?
4
What is the ten thousands digit of 952854?
5
What is the hundred thousands digit of 5395440?
3
What is the hundreds digit of 386741?
7
What is the tens digit of 358793?
9
What is the ten thousands digit of 1306229?
0
What is the ten thousands digit of 10375625?
7
What is the hundreds digit of 1262981?
9
What is the thousands digit of 165454?
5
What is the hundreds digit of 1074647?
6
What is the hundreds digit of 350975?
9
What is the ten thousands digit of 125277?
2
What is the hundreds digit of 3224473?
4
What is the hundred thousands digit of 276375?
2
What is the tens digit of 50557?
5
What is the hundreds digit of 1814274?
2
What is the hundreds digit of 214855?
8
What is the tens digit of 358614?
1
What is the ten thousands digit of 2232443?
3
What is the millions digit of 6581123?
6
What is the hundreds digit of 3528498?
4
What is the units digit of 266888?
8
What is the thousands digit of 9073347?
3
What is the hundreds digit of 2519931?
9
What is the tens digit of 4775979?
7
What is the hundreds digit of 364518?
5
What is the units digit of 2743149?
9
What is the units digit of 6468844?
4
What is the hundred thousands digit of 624451?
6
What is the units digit of 312088?
8
What is the units digit of 54803?
3
What is the ten millions digit of 10684120?
1
What is the tens digit of 22870769?
6
What is the hundred thousands digit of 934656?
9
What is the hundred thousands digit of 1395657?
3
What is the hundred thousands digit of 482713?
4
What is the tens digit of 447757?
5
What is the units digit of 170385?
5
What is the tens digit of 713285?
8
What is the hundreds digit of 406074?
0
What is the units digit of 202358?
8
What is the hundreds digit of 5779928?
9
What is the ten thousands digit of 10707985?
0
What is the thousands digit of 143925?
3
What is the ten thousands digit of 891513?
9
What is the tens digit of 315465?
6
What is the hundred thousands digit of 244589?
2
What is the units digit of 17517710?
0
What is the ten thousands digit of 781536?
8
What is the units digit of 730889?
9
What is the hundreds digit of 10041614?
6
What is the ten thousands digit of 150058?
5
What is the hundreds digit of 329148?
1
What is the hundred thousands digit of 14182218?
1
What is the thousands digit of 16253389?
3
What is the hundred thousands digit of 1882287?
8
What is the hundreds digit of 171672?
6
What is the hundred thousands digit of 415461?
4
What is the hundreds digit of 2256590?
5
What is the units digit of 5336260?
0
What is the hundreds digit of 404666?
6
What is the hundreds digit of 9542643?
6
What is the hundreds digit of 305448?
4
What is the millions digit of 29144975?
9
What is the ten thousands digit of 85316?
8
What is the tens digit of 1743138?
3
What is the units digit of 579520?
0
What is the thousands digit of 2624935?
4
What is the millions digit of 1928990?
1
What is the ten thousands digit of 14904837?
0
What is the tens digit of 5201800?
0
What is the hundred thousands digit of 3078257?
0
What is the tens digit of 2086405?
0
What is the ten thousands digit of 1839819?
3
What is the thousands digit of 1267204?
7
What is the hundreds digit of 15038695?
6
What is the millions digit of 2357778?
2
What is the units digit of 6044?
4
What is the tens digit of 1878416?
1
What is the tens digit of 3641737?
3
What is the units digit of 1173662?
2
What is the hundred thousands digit of 6859866?
8
What is the ten thousands digit of 1639912?
3
What is the thousands digit of 350819?
0
What is the millions digit of 4934734?
4
What is the tens digit of 33526?
2
What is the thousands digit of 17878934?
8
What is the millions digit of 3584590?
3
What is the thousands digit of 545530?
5
What is the ten thousands digit of 104697?
0
What is the hundred thousands digit of 772965?
7
What is the thousands digit of 481225?
1
What is the tens digit of 23604819?
1
What is the hundreds digit of 307652?
6
What is the tens digit of 6845280?
8
What is the hundreds digit of 176330?
3
What is the hundreds digit of 2827786?
7
What is the hundreds digit of 3141669?
6
What is the ten thousands digit of 1477803?
7
What is the tens digit of 1630802?
0
What is the ten thousands digit of 9288472?
8
What is the thousands digit of 1602486?
2
What is the hundred thousands digit of 397374?
3
What is the thousands digit of 3162?
3
What is the ten thousands digit of 226792?
2
What is the ten thousands digit of 5450596?
5
What is the ten thousands digit of 1642949?
4
What is the ten thousands digit of 976374?
7
What is the ten millions digit of 26368877?
2
What is the hundreds digit of 7902807?
8
What is the tens digit of 169991?
9
What is the thousands digit of 3845011?
5
What is the tens digit of 5262525?
2
What is the tens digit of 4832939?
3
What is the tens digit of 2114642?
4
What is the hundreds digit of 418070?
0
What is the hundred thousands digit of 4925955?
9
What is the millions digit of 2665886?
2
What is the units digit of 18403731?
1
What is the tens digit of 2974799?
9
What is the hundreds digit of 164555?
5
What is the units digit of 552437?
7
What is the units digit of 1869677?
7
What is the millions digit of 7248082?
7
What is the thousands digit of 11154203?
4
What is the thousands digit of 319262?
9
What is the ten thousands digit of 1054054?
5
What is the tens digit of 12601?
0
What is the tens digit of 19527151?
5
What is the ten thousands digit of 3047374?
4
What is the millions digit of 6788585?
6
What is the ten thousands digit of 174542?
7
What is the tens digit of 2747904?
0
What is the units digit of 83817?
7
What is the ten thousands digit of 24479314?
7
What is the units digit of 2434876?
6
What is the units digit of 180616?
6
What is the tens digit of 157077?
7
What is the ten thousands digit of 26275782?
7
What is the units digit of 78700?
0
What is the thousands digit of 20477457?
7
What is the thousands digit of 3698327?
8
What is the hundreds digit of 187403?
4
What is the millions digit of 20780326?
0
What is the tens digit of 1077193?
9
What is the thousands digit of 8818856?
8
What is the units digit of 3250038?
8
What is the thousands digit of 3591